8881 composite?
False
Is 1321589 a prime number?
True
Is 191 prime?
True
Is 8809 prime?
False
Is 24989 composite?
False
Is 52237 prime?
True
Is 9511 a prime number?
True
Is 1779 composite?
True
Is 464507 a prime number?
False
Is 15117 a composite number?
True
Is 291143 a composite number?
False
Is 21313 a prime number?
True
Is 162389 prime?
True
Is 2773 a composite number?
True
Is 593849 composite?
True
Is 1100261 a composite number?
False
Is 4401281 a prime number?
True
Is 898579 a composite number?
True
Is 12707 a composite number?
True
Is 170579 prime?
True
Is 21121 composite?
False
Is 76129 composite?
False
Is 64594 composite?
True
Is 19879 prime?
False
Is 10813 a composite number?
True
Is 484433 a prime number?
False
Is 40589 prime?
False
Is 472363 a composite number?
True
Is 481 composite?
True
Is 750203 prime?
True
Is 8707 a composite number?
False
Is 729935 a prime number?
False
Is 63059 a prime number?
True
Is 89173 a composite number?
True
Is 11558 composite?
True
Is 27329 composite?
False
Is 141289 a composite number?
True
Is 68729 composite?
False
Is 544543 prime?
True
Is 31583 a prime number?
True
Is 222013 a prime number?
False
Is 34871 a prime number?
True
Is 1217 composite?
False
Is 6403 a prime number?
False
Is 14302 prime?
False
Is 7379 a composite number?
True
Is 9489 composite?
True
Is 712409 a composite number?
False
Is 1386431 a prime number?
False
Is 20158 a composite number?
True
Is 126541 prime?
True
Is 659131 prime?
False
Is 246199 a prime number?
False
Is 218357 prime?
True
Is 51307 a prime number?
True
Is 149993 a prime number?
True
Is 34469 a prime number?
True
Is 167147 prime?
False
Is 9533 prime?
True
Is 307 a prime number?
True
Is 12689 a prime number?
True
Is 6899 a composite number?
False
Is 19697 prime?
True
Is 2410897 a composite number?
False
Is 221251 a composite number?
False
Is 165961 prime?
True
Is 267271 a composite number?
False
Is 1339678 composite?
True
Is 16087 a composite number?
False
Is 195359 prime?
True
Is 88106 a prime number?
False
Is 5953 prime?
True
Is 43117 a prime number?
True
Is 2113747 prime?
True
Is 104483 prime?
False
Is 25429 a prime number?
False
Is 1339711 a composite number?
False
Is 4295 prime?
False
Is 2437 a composite number?
False
Is 256877 a prime number?
True
Is 328271 a prime number?
True
Is 31957 prime?
True
Is 57991 composite?
False
Is 38059 composite?
True
Is 96893 a composite number?
False
Is 12895 a prime number?
False
Is 211 a composite number?
False
Is 2669 a prime number?
False
Is 1360813 a composite number?
True
Is 218289 composite?
True
Is 479 a prime number?
True
Is 226301 a prime number?
False
Is 57487 prime?
True
Is 1041 a composite number?
True
Is 1583107 a composite number?
False
Is 60209 prime?
True
Is 86753 prime?
True
Is 120863 a composite number?
False
Is 907 prime?
True
Is 248231 composite?
False
Is 72745 prime?
False
Is 24445 composite?
True
Is 1821791 a composite number?
False
Is 3463 prime?
True
Is 72763 prime?
True
Is 83949 prime?
False
Is 71777 composite?
False
Is 9083 a prime number?
False
Is 386627 a prime number?
False
Is 8501 composite?
False
Is 26591 a prime number?
True
Is 53147 a prime number?
True
Is 21007 a composite number?
True
Is 183049 a prime number?
False
Is 52613 composite?
True
Is 6491 a prime number?
True
Is 193423 prime?
True
Is 213763 a prime number?
False
Is 13303 composite?
True
Is 21085 a prime number?
False
Is 14849 a prime number?
False
Is 82439 prime?
False
Is 63619 prime?
False
Is 2033 prime?
False
Is 564113 composite?
True
Is 306039 composite?
True
Is 14073 prime?
False
Is 1029827 a composite number?
False
Is 49097 a composite number?
True
Is 196961 prime?
True
Is 516151 a prime number?
True
Is 74821 a composite number?
False
Is 174569 prime?
True
Is 10663 a prime number?
True
Is 840547 a prime number?
True
Is 538763 prime?
True
Is 15727 a prime number?
True
Is 12777 a prime number?
False
Is 32839 a composite number?
False
Is 89207 a composite number?
True
Is 676479 composite?
True
Is 12791 composite?
False
Is 14857 a composite number?
True
Is 146359 prime?
True
Is 58363 prime?
True
Is 174019 a prime number?
True
Is 30903 prime?
False
Is 7411 a prime number?
True
Is 174011 composite?
True
Is 235527 a prime number?
False
Is 1135439 composite?
False
Is 304237 prime?
False
Is 2120693 composite?
False
Is 12689 a prime number?
True
Is 36583 prime?
True
Is 13551 composite?
True
Is 1156423 a composite number?
False
Is 6491 composite?
False
Is 256474 a prime number?
False
Is 454141 prime?
True
Is 75931 composite?
False
Is 95807 a prime number?
False
Is 45587 composite?
False
Is 109517 a composite number?
False
Is 22993 a composite number?
False
Is 102761 a prime number?
True
Is 561851 a prime number?
False
Is 10211 composite?
False
Is 216779 a composite number?
False
Is 454469 composite?
True
Is 682361 a composite number?
False
Is 315179 prime?
True
Is 8663 prime?
True
Is 21767 prime?
True
Is 9463 prime?
True
Is 704131 prime?
True
Is 7669 prime?
True
Is 1259 prime?
True
Is 9883 a composite number?
False
Is 20021 a prime number?
True
Is 91659 a composite number?
True
Is 2503 a prime number?
True
Is 35831 prime?
True
Is 647817 composite?
True
Is 589327 composite?
False
Is 392437 a composite number?
False
Is 43705 a composite number?
True
Is 91193 composite?
False
Is 739317 prime?
False
Is 119803 composite?
True
Is 132013 prime?
False
Is 9793 composite?
True
Is 58831 a composite number?
False
Is 1021897 a composite number?
False
Is 6694 prime?
False
Is 897131 prime?
False
Is 13607 a prime number?
False
Is 1069 a composite number?
False
Is 74687 a composite number?
False
Is 2039 composite?
False
Is 703981 a composite number?
False
Is 761963 prime?
True
Is 12197 prime?
True
Is 1707 a composite number?
True
Is 28493 a prime number?
True
Is 90397 a prime number?
True
Is 36973 a composite number?
False
Is 13849 a composite number?
True
Is 18979 a composite number?
False
Is 43649 a composite number?
False
Is 81527 a composite number?
False
Is 1474559 prime?
True
Is 153493 a composite number?
True
Is 183847 a composite number?
True
Is 123611 composite?
True
Is 2278631 a composite number?
False
Is 937 composite?
False
Is 2383387 composite?
True
Is 335483 a prime number?
False
Is 99053 prime?
True
Is 3155 composite?
True
Is 15278 a prime number?
False
Is 396721 a composite number?
True
Is 249385 a prime number?
False
Is 46571 composite?
True
Is 570259 prime?
False
Is 3113 composite?
True
Is 20831 prime?
False
Is 16661 a prime number?
True
Is 9811 prime?
True
Is 469841 prime?
True
Is 163729 composite?
False
Is 6742067 a prime number?
True
Is 46519 a composite number?
True
Is 21703 a prime number?
False
Is 199627 a composite number?
True
Is 158923 prime?
True
Is 37255 prime?
False
Is 6449 composite?
False
Is 129169 prime?
True
Is 13121 a prime number?
True
Is 28123 prime?
True
Is 1603487 a prime number?
False
Is 802909 a composite number?
False
Is 488893 composite?
False
Is 551339 a prime number?
True
Is 784627 composite?
False
Is 20597 composite?
True
Is 62993 composite?
True
Is 24607 a prime number?
False
Is 3359 a prime number?
True
Is 3017717 a prime number?
True
Is 39583 a composite number?
True
Is 12011 prime?
True
Is 93719 composite?
False
Is 6581 composite?
False
Is 454759 a composite number?
False
Is 677 composite?
False
Is 46301 a composite number?
False
Is 2657 composite?
False
Is 66017 prime?
False
Is 610177 prime?
False
Is 135559 composite?
False
Is 36341 a composite number?
False
Is 68023 a composite number?
False
Is 876089 a prime number?
False
Is 12059 a composite number?
True
Is 202513 prime?
False
Is 91231 composite?
True
Is 17783 composite?
False
Is 1420429 prime?
True
Is 70273 a composite number?
True
Is 7033 composite?
True
Is 142397 a composite number?
True
Is 34231 composite?
False
Is 27733 composite?
False
Is 70963 prime?
False
Is 30151 a prime number?
False
Is 5959 composite?
True
Is 31767 composite?
True
Is 52293 composite?
True
Is 665545 prime?
False
Is 10397 a composite number?
True
Is 151201 prime?
True
Is 85178 a prime number?
False
Is 3427 prime?
False
Is 3579 prime?
False
Is 229423 a prime number?
True
Is 1026059 a prime number?
False
Is 22141 composite?
True
Is 201463 a prime number?
False
Is 2429 prime?
